the remainder when o is divided by s(-10)?
2
Let l(m) = -9*m - 33. What is the remainder when l(-6) is divided by 4?
1
Let y = -5 + 5. Suppose 5*b = -y*b + 30. What is the remainder when 15 is divided by b?
3
Suppose -5*y - z + 65 = 0, 5*y + 5*z - 45 = -0*z. What is the remainder when 26 is divided by y?
12
Let f be ((-1 - -2) + 1)*1. Suppose -f*u = -v + 37, 0 = 3*v - 0*v + 4*u - 71. What is the remainder when v is divided by ((-30)/4)/((-17)/34)?
14
Let s = 89 + -54. What is the remainder when s is divided by 18?
17
What is the remainder when 118 is divided by ((-13)/4 + 1)/(9/(-120))?
28
Let y(j) = -j**3 - 7*j**2 + 3*j - 6. Let v = 22 - 10. Calculate the remainder when y(-8) is divided by v.
10
Let u be 7/((-28)/(-6224)) + -4. Calculate the remainder when u/20 + 2/5 is divided by 20.
18
Let j be 2 + 0/(-6 - -3). Suppose f = 4*k - 20 - 19, 0 = -3*k + j*f + 23. Calculate the remainder when k is divided by 6.
5
Let n = -28 + 17. Let h = n - -27. Suppose 0 = -j + 13 - 4. What is the remainder when h is divided by j?
7
Let g(j) = -j**2 - 5*j - 4. Let c(t) = t**2 + 9*t - 4. Let u be c(-9). Let i be g(u). Suppose i = 3*n + n - 88. Calculate the remainder when n is divided by 12.
10
Suppose -6*h - 2*s = -3*h - 13, -5*s = 2*h - 16. Suppose 0 = 4*k - 4*w - 144, 4*k - h*w = 144 - 0. What is the remainder when k is divided by 19?
17
Let s be ((-3)/(-4))/((-6)/(-24)). Suppose 8 = -2*q + s*q. Calculate the remainder when 30 is divided by q.
6
Suppose 0 = -2*i + 7*i - 275. Let j(z) = z**2 - 7*z + 4. Let d be j(5). Let f = d + 25. Calculate the remainder when i is divided by f.
17
Let d be (3 + 47/2)*-2. Let w = 102 + d. Calculate the remainder when w is divided by 18.
13
Suppose 3 = -4*j - 93. Let q = -18 - j. What is the remainder when 9 is divided by q?
3
Calculate the remainder when 47 is divided by 150/(-9)*(-6)/4.
22
Let y = 37 - 26. Suppose 5*a + 66 = 3*l, 2*l - 5*l - 3*a + 90 = 0. Let v = l - -4. Calculate the remainder when v is divided by y.
9
Let t be (16/(-24))/((-2)/69). Suppose 0 = 3*x + 4*r - t, 2*x - 5 - 15 = -5*r. Let l(k) = 2*k - 7. Calculate the remainder when 8 is divided by l(x).
2
Suppose 3*s = 3*n + 66, -5*s + 60 = 3*n - 10. What is the remainder when (0 - 2)*33/(-2) is divided by s?
16
Suppose -s = -5*s + 12. Suppose k + 36 = s*k. Let f(l) = l**3 + 9*l**2 + 7. Calculate the remainder when k is divided by f(-9).
4
Suppose r + 0*p - 3*p - 25 = 0, 0 = 5*r + 5*p - 85. Calculate the remainder when r is divided by 7.
5
Let p = -55 - -88. What is the remainder when p is divided by 17?
16
Suppose -3*t + 202 = -t. Let b = t + -39. Let m = b - 44. Calculate the remainder when m is divided by 10.
8
Suppose 2*l + 2*l - 4 = 0. Let z(m) = -2*m**3 + m**2 - m. Let k be z(l). Let s(x) = -5*x - 1. What is the remainder when s(k) is divided by 4?
1
Let m = 63 + -37. Calculate the remainder when 76 is divided by m.
24
Let c(i) = -39*i + 1. Suppose -s = m + 5, 5 + 5 = s - 2*m. Calculate the remainder when c(-1) is divided by (-3 - s)*(-70)/15.
12
Suppose -2*d + 4*d = 176. Suppose 5*m - 5*i - 49 = 51, -4*m + 2*i + d = 0. Let k(h) = 2*h**2 + h - 2. What is the remainder when m is divided by k(-3)?
11
Let v(f) = f. Let k be v(-3). What is the remainder when 63 is divided by (-7 - k)*(-22)/4?
19
Let r(c) = -c**3 + 5*c**2 + 2. Let o be r(5). Let a(s) = 3*s**2 - 6*s**2 + 0*s**3 + 6*s**3 + o + s. Calculate the remainder when a(2) is divided by 14.
12
Suppose 16 = 13*x - 12*x. What is the remainder when 157 is divided by x?
13
Suppose -7*c + 3*c = 20, -3*c = -3*l + 528. What is the remainder when l is divided by 43?
42
Let j = -5 - -9. What is the remainder when 32 is divided by 225/21 - j/(-14)?
10
Suppose -12*p = -327 - 105. What is the remainder when p is divided by 10?
6
Suppose 4 = 2*t - 2*h - 2, -5*h - 15 = 0. Suppose -2*o + 92 = -t*o. What is the remainder when o is divided by (-28)/(-2) - 2/(-1)?
14
Let r(j) = -j**3 - 6*j**2 - 7*j. Suppose -5*p + 79 = 4*z, 4*p + 5*z - 2*z - 64 = 0. Calculate the remainder when p is divided by r(-5).
9
Suppose 0 = -3*o + 40 + 38. What is the remainder when (-3)/2*1648/(-24) is divided by o?
25
Suppose -2*z = -19 - 5. Calculate the remainder when 1/(-4) - (-327)/z is divided by 14.
13
What is the remainder when (-1)/(-2) + 10/(-4) + 5 is divided by 3?
0
Let t = 2 + 0. Suppose -t*b + 16 = -5*j - 8, -2*j - 81 = -5*b. Let n = -34 + 66. What is the remainder when n is divided by b?
15
Let j = 275 - 184. What is the remainder when j is divided by 23?
22
Let n be 1*(5 + -3) - 3. Let m be (112/10)/(n/(-5)). Suppose 2*x + 4*q - m = -x, q = -3*x + 50. What is the remainder when x is divided by 6?
4
Let y(f) = 24*f**3 + f**2 - 2*f + 1. Calculate the remainder when y(1) is divided by 9.
6
Let h = -31 - -79. Suppose 3*m + 0*m = h. What is the remainder when 29 is divided by m?
13
Suppose 93 = -4*u + v, 2 = 2*v - 8. Calculate the remainder when 8 is divided by u/55 - 27/(-5).
3
Suppose -6*j = -8*j + 62. What is the remainder when 114 is divided by j?
21
Suppose 0*u = 3*u + 9. Let s(l) = 2*l**2 - 2*l - 1. What is the remainder when s(-3) is divided by (-2)/u + (-22)/(-3)?
7
Let m(y) = y + 74. Let b be m(0). Suppose -96 = -4*g + 4*p, -3*g + b = -6*p + p. What is the remainder when g is divided by 8?
7
Let c be 3 - (-5 - -1 - -2). Suppose -c*g = -2*g - 60. What is the remainder when 77 is divided by g?
17
Let k = -3 - -7. Calculate the remainder when 13 is divided by k.
1
Let h = 28 - 6. Let j be h/(-5) - 10/(-25). What is the remainder when 14 is divided by -4*(5/j + 0)?
4
Suppose 0 = -0*t + 2*t - 8. Suppose -3*h - 27 = -t*h. What is the remainder when h is divided by 7?
6
Let y be (0 + 9)*10/(-6). Let d(m) = -m - 3. Let w be d(1). Let n = w - y. What is the remainder when 42 is divided by n?
9
Let i(h) = -17*h + 16. Calculate the remainder when 267 is divided by i(-3).
66
Suppose 0 = 2*q + 3*q. Suppose -4*s + 52 + 64 = q. Suppose 0*h - 4*h + 60 = 0. Calculate the remainder when s is divided by h.
14
Suppose 13*i = 4*i + 234. Calculate the remainder when 179 is divided by i.
23
Let o be (-19 + 9)*5/2. Let z = 39 + o. Calculate the remainder when 25 is divided by z.
11
Let s = 9 - 7. What is the remainder when 5 is divided by s?
1
Suppose -y = -9 - 8. Calculate the remainder when y is divided by 9.
8
Let k(l) = l**2. Suppose -2*w = -4*w - 156. What is the remainder when k(5) is divided by (w/4)/(-3)*2?
12
Let m = -2 + 5. Suppose -2*l + 74 = m*y, y - 3*l = 5*y - 97. Calculate the remainder when y is divided by 10.
8
Let k(x) = 19*x**3 + 2*x**2 - 2*x + 1. Let q(g) = -g**3 - g**2 - g + 7. What is the remainder when k(1) is divided by q(0)?
6
Let g(i) be the first derivative of -i**3/3 - 5*i**2 + 3*i - 2. Let y = -2 + 15. Calculate the remainder when g(-7) is divided by y.
11
Suppose 3*p = -j + 130, -j = -p - 3*j + 50. What is the remainder when p is divided by 11?
9
What is the remainder when 2 + -3 + 10*6 is divided by 16?
11
Let b be (-1)/(-3 + (-24)/(-9)). Calculate the remainder when 67 is divided by 100/6 - b/(-9).
16
Suppose -20 + 67 = 2*d + 3*q, 0 = -5*d - q + 85. What is the remainder when d is divided by 9?
7
Let u = -9 + 1. Let c = 18 + u. Suppose -99 = -5*r + 2*g, r + g + 1 = 18. What is the remainder when r is divided by c?
9
Let b(h) = -4*h**2 - 28*h. Let w(c) = -c**2 - 7*c. Let s(m) = 2*b(m) - 9*w(m). What is the remainder when s(-8) is divided by 5?
3
Let y(w) = -13*w. Calculate the remainder when 50 is divided by y(-1).
11
Suppose 2*o = 4*o - 8. What is the remainder when 18 is divided by o?
2
Let m(s) = 9*s - 8. Calculate the remainder when m(3) is divided by 8.
3
Let s = -39 - -20. Let n = 86 + s. Calculate the remainder when n is divided by 17.
16
What is the remainder when -4*(-5)/10 - -29 is divided by 16?
15
What is the remainder when 23 is divided by (-266)/(-21) + 2/(-3)?
11
Let a(m) = 3*m - 4. Let r be -3*(1 + (1 - 3)). What is the remainder when 8 is divided by a(r)?
3
Suppose -157 + 225 = 4*n. Calculate the remainder when 151 is divided by n.
15
Let k(m) = m**2 - m - 2. Let g be k(-4). Suppose -2*b = 4*v - g - 26, 2*v - 3*b = 22. What is the remainder when v is divided by 3?
2
Let c be -2 + 4 + (-2 - -3). Let d be (2 - c)*-3 - -3. Suppose j + d = 4*j. What is the remainder when 5 is divided by j?
1
Suppose 0 =